osite?
False
Is 317159 a composite number?
False
Is 8819 a composite number?
False
Is 50581 a composite number?
False
Is 145531 prime?
True
Is 3754 a prime number?
False
Is 748351 a composite number?
True
Is 699339 composite?
True
Is 103889 prime?
True
Is 16637 composite?
True
Is 3987731 a composite number?
True
Is 2819 prime?
True
Is 976073 a prime number?
False
Is 35491 a prime number?
True
Is 24317 a prime number?
True
Is 125591 prime?
True
Is 1962161 a composite number?
False
Is 42493 a prime number?
False
Is 6521 a prime number?
True
Is 778571 a prime number?
False
Is 109469 composite?
False
Is 1364807 prime?
False
Is 2497 a composite number?
True
Is 242617 a prime number?
True
Is 546313 prime?
False
Is 66377 prime?
True
Is 1752119 composite?
False
Is 1577 a composite number?
True
Is 38381 a prime number?
False
Is 571133 composite?
False
Is 5079 composite?
True
Is 25567 prime?
False
Is 3359 composite?
False
Is 39815 composite?
True
Is 20471 composite?
True
Is 540709 a composite number?
True
Is 9797 prime?
False
Is 11027 a prime number?
True
Is 213589 a prime number?
True
Is 655973 a prime number?
False
Is 670093 a composite number?
True
Is 43087 composite?
True
Is 1459 prime?
True
Is 1289513 a composite number?
False
Is 153521 prime?
True
Is 1327 prime?
True
Is 291219 a prime number?
False
Is 216517 a prime number?
False
Is 218329 a composite number?
True
Is 653 a composite number?
False
Is 66919 a composite number?
False
Is 63029 composite?
False
Is 1533029 prime?
True
Is 31091 a prime number?
True
Is 116837 a prime number?
False
Is 28697 a composite number?
False
Is 31091 a prime number?
True
Is 610523 a composite number?
False
Is 20039 a prime number?
False
Is 8311 a prime number?
True
Is 26186 composite?
True
Is 42199 prime?
False
Is 21001 composite?
False
Is 4601 a composite number?
True
Is 24589 a prime number?
False
Is 75967 a prime number?
True
Is 77149 prime?
False
Is 33461 prime?
True
Is 295309 composite?
True
Is 234317 a composite number?
False
Is 446327 a prime number?
False
Is 157 a prime number?
True
Is 3427955 a composite number?
True
Is 2658349 prime?
True
Is 8057 composite?
True
Is 46337 a prime number?
True
Is 113973 composite?
True
Is 326218 a prime number?
False
Is 503961 a prime number?
False
Is 2712893 a prime number?
True
Is 30791 a prime number?
False
Is 133113 a prime number?
False
Is 12047 a prime number?
False
Is 13873 a composite number?
False
Is 41999 a prime number?
True
Is 129401 a composite number?
False
Is 4064929 a composite number?
True
Is 1259 prime?
True
Is 482627 a prime number?
True
Is 47665 a prime number?
False
Is 120349 prime?
True
Is 120643 prime?
False
Is 116797 a prime number?
True
Is 6103 composite?
True
Is 2650205 prime?
False
Is 221539 prime?
True
Is 58583 a prime number?
False
Is 2685803 prime?
True
Is 685227 prime?
False
Is 5807 prime?
True
Is 1812673 a composite number?
False
Is 256499 prime?
True
Is 225947 a composite number?
True
Is 149197 composite?
False
Is 1166179 a prime number?
False
Is 14243 a prime number?
True
Is 24907 a composite number?
False
Is 800713 a prime number?
False
Is 83891 a prime number?
True
Is 2612369 prime?
True
Is 86299 composite?
True
Is 30539 prime?
True
Is 80261 composite?
True
Is 23723 prime?
False
Is 218357 a composite number?
False
Is 164531 a composite number?
False
Is 120427 prime?
True
Is 23227 a prime number?
True
Is 156419 composite?
False
Is 39322 prime?
False
Is 42134 composite?
True
Is 152147 composite?
False
Is 26099 prime?
True
Is 27733 a composite number?
False
Is 368887 prime?
False
Is 10265 prime?
False
Is 1139 a prime number?
False
Is 11561 composite?
True
Is 259411 a composite number?
False
Is 214685 a composite number?
True
Is 227819 composite?
True
Is 363871 prime?
True
Is 314701 a prime number?
False
Is 125701 composite?
True
Is 259139 a prime number?
False
Is 2306413 composite?
False
Is 88973 prime?
False
Is 292109 a composite number?
True
Is 50429 composite?
True
Is 178 a composite number?
True
Is 110857 a prime number?
False
Is 629 composite?
True
Is 8791 composite?
True
Is 966157 prime?
True
Is 5513 a prime number?
False
Is 1174801 composite?
False
Is 36187 a prime number?
True
Is 99787 composite?
False
Is 1543 a composite number?
False
Is 107857 a prime number?
True
Is 451 a prime number?
False
Is 333598 a composite number?
True
Is 1717 a composite number?
True
Is 3152681 a composite number?
True
Is 240011 composite?
False
Is 6317 prime?
True
Is 268607 composite?
False
Is 75079 composite?
False
Is 198313 a prime number?
True
Is 479954 composite?
True
Is 3263 prime?
False
Is 353967 a composite number?
True
Is 445255 a prime number?
False
Is 77851 a prime number?
False
Is 870239 a composite number?
False
Is 47365 a prime number?
False
Is 18181 a prime number?
True
Is 35981 a prime number?
False
Is 2182 prime?
False
Is 2855 prime?
False
Is 40387 composite?
False
Is 760079 composite?
False
Is 71233 prime?
True
Is 202219 a prime number?
True
Is 3223 a composite number?
True
Is 10529 a prime number?
True
Is 20633 a composite number?
True
Is 94834 a prime number?
False
Is 46049 prime?
True
Is 19441 prime?
True
Is 993 prime?
False
Is 408503 a prime number?
False
Is 681197 a prime number?
False
Is 21815 prime?
False
Is 197641 a composite number?
False
Is 1508735 prime?
False
Is 105109 a prime number?
False
Is 202427 composite?
True
Is 45922 composite?
True
Is 969071 a composite number?
False
Is 2430039 composite?
True
Is 177257 a composite number?
False
Is 181183 a prime number?
True
Is 4727 composite?
True
Is 1375937 a prime number?
True
Is 714341 prime?
True
Is 4591567 prime?
True
Is 4181 a prime number?
False
Is 4441 composite?
False
Is 7067 a composite number?
True
Is 172661 prime?
False
Is 15709 a prime number?
False
Is 293 composite?
False
Is 47395 composite?
True
Is 41129 a composite number?
True
Is 151631 prime?
True
Is 125977 prime?
False
Is 663086 composite?
True
Is 127073 prime?
False
Is 6913 a prime number?
False
Is 8419 prime?
True
Is 918431 a composite number?
False
Is 6989 a composite number?
True
Is 3683803 a prime number?
True
Is 981241 prime?
True
Is 563723 prime?
True
Is 238195 a prime number?
False
Is 9671 a composite number?
True
Is 39521 a composite number?
False
Is 169 prime?
False
Is 1471 prime?
True
Is 5737 a composite number?
False
Is 371599 a composite number?
True
Is 10477 a prime number?
True
Is 1661041 a composite number?
True
Is 85989 composite?
True
Is 6637 a prime number?
True
Is 497 a prime number?
False
Is 18013 composite?
False
Is 339661 a composite number?
True
Is 338839 composite?
False
Is 3937 a prime number?
False
Is 15253 a prime number?
False
Is 47731 composite?
True
Is 35059 a prime number?
True
Is 7061 a composite number?
True
Is 581521 prime?
True
Is 34345 a composite number?
True
Is 10771 a prime number?
True
Is 529 prime?
False
Is 38438 a prime number?
False
Is 192149 a prime number?
True
Is 331129 a composite number?
True
Is 593999 prime?
False
Is 20887 composite?
False
Is 1533677 composite?
True
Is 369539 a composite number?
False
Is 127691 composite?
False
Is 25819 a composite number?
False
Is 201683 composite?
False
Is 7985 prime?
False
Is 15403 a composite number?
True
Is 28153 a prime number?
False
Is 16795 a composite number?
True
Is 31361 prime?
False
Is 295627 composite?
True
Is 64747 prime?
True
Is 143651 prime?
True
Is 302719 prime?
False
Is 2018 composite?
True
Is 64367 a composite number?
True
Is 113327 composite?
False
Is 34793 composite?
True
Is 24789 composite?
True
Is 7311 a prime number?
False
Is 210719 composite?
False
Is 818086 a prime number?
False
Is 555337 a prime number?
True
Is 25073 prime?
True
Is 2927 a composite number?
False
Is 45919 a prime number?
False
Is 4229 a prime number?
True
Is 805129 a composite number?
True
Is 184081 composite?
False
Is 65891 a prime number?
False
Is 941 a prime number?
True
Is 15541 a prime number?
True
Is 168947 composite?
True
Is 1514 prime?
False
Is 147337 composite?
True
Is 327 a composite number?
True
Is 7795 composite?
True
Is 33457 composite?
False
Is 182467 composite?
False
Is 33481 prime?
False
Is 155257 a prime number?
False
Is 420779 a composite number?
False
Is 2498 a composite number?
True
Is 17581 a composite number?
Fal